sor of 546 and o.
42
Let a be 334/(-3006) + 1352/18. Calculate the highest common divisor of a and 2275.
25
Let y(n) = -37*n + 1972. Let q be y(52). Suppose -4*d + 22 = 2*f - d, 0 = -4*f + 4*d + 84. Let a = f + -11. Calculate the highest common divisor of a and q.
6
Let x(g) = -2*g**3 - 95*g**2 + 48*g + 4. Let r be x(-48). Calculate the highest common factor of 31 and r.
1
Let g(z) = 18*z**2 + 24*z - 399. Let k be g(-20). Calculate the greatest common factor of k and 441.
147
Suppose 2*n = n + 2*h + 80, -3*h = 0. Suppose 2*f = -5*s, 15 = 4*f + 4*s - 9. What is the greatest common divisor of n and f?
10
Suppose 0 = -m - 4*t + 11829, -133*t = -2*m - 132*t + 23613. Calculate the greatest common factor of m and 98.
49
Suppose 0*n - 4*n = -72. Suppose -10*v - 20 = -1190. Let x = -63 + v. What is the greatest common factor of x and n?
18
Let m(c) = -c**3 + 2*c + 584. Let t be m(0). Let n = -552 + t. What is the highest common divisor of 2 and n?
2
Let n = 10 - 7. Let a(f) = f**3 - 3*f**2 + 3*f - 2. Let z be a(n). Let u(k) = -5*k - 107. Let b be u(-34). Calculate the greatest common factor of z and b.
7
Let o be (1*4)/2 + 587. Let k = 106609 - 106578. What is the highest common factor of k and o?
31
Let f(p) = 15*p**3 + 2*p**2 - 4*p + 4. Let r be f(2). Let a be ((-126)/(-4))/(62/r). What is the greatest common divisor of a and 70?
7
Let k be ((-6 - 19) + 28)/((-1)/(-1132)). Calculate the greatest common divisor of 24 and k.
12
Suppose 5*w - 15 = 5*l, -5*w - 12 + 45 = 4*l. Suppose 3*r - 12 = -l*f + 7*r, -3*f + 5*r = -17. What is the highest common divisor of f and 8?
4
Let t = -10 + 21. Suppose -2*d - 3*d = -20. Suppose -4*q + 308 = -d*o + 2*o, 4*q - 4*o = 308. What is the highest common factor of t and q?
11
Let l(m) = 366*m + 30. Let c be l(5). Suppose c = 8*x - 2*x. Suppose -2*q - 3*y = q - 285, 0 = -3*q + 2*y + x. Calculate the greatest common factor of q and 40.
20
Let d = 13868 - 7430. What is the highest common factor of 148 and d?
74
Suppose 11*f - 26128 = -19*f + 7*f. Calculate the greatest common factor of f and 355.
71
Suppose -20*i - 423 = 2177. Let u be (-52)/i*(-5)/(-1). Suppose j + 4*l - 2*l - 6 = 0, 0 = 3*j - 3*l. What is the greatest common divisor of u and j?
2
Suppose 0 = -22*a - 2*a - 122 + 8834. Calculate the highest common factor of 5082 and a.
363
Let v(c) = c**3 + 6*c**2 - 52*c + 60. Let l be v(-11). Calculate the greatest common factor of l and 3456.
27
Suppose 4*g + z = 71, -6*g + 3*g - 2*z + 57 = 0. Suppose -16*o + g*o = 370. Calculate the highest common factor of 74 and o.
74
Let u = 64 - 182. Let w = 172 + u. Let h = -411207 + 411213. What is the greatest common divisor of h and w?
6
Suppose -4*w = 4*w - 32. Let v(m) = -20*m + w*m + 6*m - 20*m. Let p be v(-5). What is the greatest common divisor of 30 and p?
30
Suppose -640*o + 328*o + 330*o - 12168 = 0. Calculate the highest common factor of o and 156.
52
Let d be (-1 - -34*(-2)/2)/((-1)/24). What is the greatest common divisor of d and 350?
70
Suppose 0 = -l + 4*c + 1314 + 1558, 0 = 4*l + 4*c - 11628. What is the highest common factor of 500 and l?
100
Suppose 128 = 27*d - 26*d. Calculate the greatest common divisor of 3840 and d.
128
Let a = -1708 - -1762. Let d be (243/5)/((-9)/(-45)). Calculate the highest common divisor of d and a.
27
Let k = 2827 + -1102. Calculate the greatest common divisor of 75 and k.
75
Suppose -223*d - 248221 = 69*d - 1128017. Calculate the greatest common factor of d and 207.
23
Suppose 7*d + 850 = -66*l + 68*l, l = 3*d + 424. Calculate the highest common factor of l and 608.
38
Suppose 2*f - 164 = -5*u, -4*u + 145 = 4*f + 9. Suppose -2*c + 304 = -4*v, -2*c + 140 = -c - 5*v. What is the highest common factor of u and c?
32
Let u be ((-66)/5)/((-44)/3190). Calculate the highest common factor of u and 99.
33
Suppose 0 = 4*s + x - 96, -5*x - 5 + 94 = 3*s. Let t = -2 + s. What is the highest common factor of 7 and t?
7
Let v = 2 - -4. Suppose -l - f - 70 = -2*l, 5*l + f = 326. Suppose -10*h - l + 106 = 0. What is the greatest common factor of h and v?
2
Let l(j) be the third derivative of j**4/3 + 19*j**3/3 - 2*j**2 + 4*j. Let o be l(-3). Calculate the greatest common divisor of o and 1.
1
Let m be (10/4)/(3/12). Let r = 206374 + -206284. What is the greatest common divisor of r and m?
10
Let x(a) = 3*a**2 - 13*a - 46. Let j be x(-3). Suppose 4*c = -j*c + 1920. Let o(p) = -19*p + 1. Let v be o(-1). What is the highest common factor of v and c?
20
Let q = 68 - 24. Let v be 3/(-5) - (-50502)/570. Let a = v - q. Calculate the highest common divisor of a and 33.
11
Let p = -9 - -15. Suppose 3*y = -4*j + 228, 2*j = -14*y + 151 + 13. Suppose j + p = 4*k. Calculate the greatest common factor of 5 and k.
5
Let l = 3195 - 3060. Calculate the highest common factor of 180 and l.
45
Let p = 18 + -5. Let b(h) = -h**2 + 133*h - 2663. Let t be b(98). What is the greatest common divisor of t and p?
13
Suppose b - 37 = -2*l, 17*l + 52 = 19*l + 4*b. Let f(g) = -3*g**2 + 51*g + 25. Let c be f(l). What is the greatest common divisor of 1 and c?
1
Suppose -2*u - 5*r = -552, 98*r - 102*r = u - 276. Suppose 3*l - l = 888. Let w = l - u. Calculate the highest common divisor of w and 21.
21
Suppose -4*j = 9 - 157. Let m = j + -35. Let o be 1/(4/58)*m. Calculate the greatest common factor of 29 and o.
29
Suppose 5*c + 66 = 2*c. Let r = c + 29. Let z = r - -15. Calculate the greatest common divisor of 88 and z.
22
Suppose -30 = 5*o + 3*t + 2*t, 5*o - t + 6 = 0. Let s be 2 - (o*9 + 3). Calculate the highest common divisor of 187 and s.
17
Let h be (-90)/(-4) + (-47)/94. Suppose 3*f = -2*d + 335, -3*f = 3*d + h - 352. Calculate the greatest common divisor of f and 138.
23
Let y(o) = 3*o**2 - 20*o + 333. Let a be y(17). What is the greatest common factor of a and 80?
20
Suppose 14464 - 5032 = 524*z. Calculate the highest common divisor of z and 8442.
18
Let c(g) = -g**2 + 10*g - 8. Let a be c(6). Let r(w) = 85 - 2*w - 9 - 12. Let t be r(24). Calculate the greatest common divisor of t and a.
16
Suppose 1565735 - 1562035 = 37*p. Suppose 5*m - o - 1124 = 0, 0 = 2*m - o + 3*o - 452. Calculate the greatest common divisor of m and p.
25
Let a be (4 + -10)/(-6*(-3)/(-282)). Calculate the highest common divisor of 12032 and a.
94
Suppose 0*b + 4*i = b, 12 = 2*b + 4*i. Let u be (9/b)/(5/180). Let h = u - 76. What is the greatest common divisor of 45 and h?
5
Suppose -3*t = -180 + 66. Let y(i) = -8*i**3 - 8*i + 17*i**2 + 33*i + 7*i**3 - 31. Let j be y(18). Calculate the highest common factor of j and t.
19
Let y = 40 + -15. Suppose 438 = -15*o - 837. Let q = o + 110. Calculate the highest common factor of q and y.
25
Suppose 15*m + 26*x = 22*x + 610, 7*m + 4*x = 242. Let j be ((-460)/(-3))/((-2)/(-12)). Suppose j = 7*y - 2*y. What is the highest common factor of y and m?
46
Suppose -375 = -4*n - 5*i, -n + i = -67 - 20. What is the greatest common factor of 1215 and n?
45
Let h be 155/10 + (-1)/(-2). Let i = 19 - h. Suppose -21 = -i*p + 21. Calculate the highest common factor of 2 and p.
2
Let l(c) = -c - 11. Let x be l(-14). Suppose x*f = -16 + 28. Let a be 14/(-35)*(-26 - f). What is the highest common divisor of a and 108?
12
Let p = -2419 - -14345. What is the greatest common divisor of 268 and p?
134
Suppose 209 = 2*v - 57. Suppose 1748 = 622*k - 599*k. What is the highest common factor of k and v?
19
Suppose 21*o - 1783 = 2000 + 1089. What is the greatest common divisor of o and 29?
29
Let h be (-420)/24 + (-57661)/(-218). Suppose 3*y = 13 + 158. Calculate the highest common divisor of h and y.
19
Suppose -2*s = -2*h - 6*s - 92, -s = -1. Let t be 11/(88/h) + 16. Calculate the highest common factor of 25 and t.
5
Let j(r) = -48*r - 47. Let g be j(-13). Let z = -563 + g. Calculate the highest common divisor of z and 10.
2
Let w = -765 + 816. Let i(n) = -n**3 + 2. Let a be i(2). Let b(r) = -7*r - 8. Let u be b(a). What is the greatest common factor of w and u?
17
Let z be -3 - -1 - (-185)/5. Suppose 3*y - 415 = -5*m, -y - 5*m - 5 + 140 = 0. What is the highest common divisor of z and y?
35
Suppose -9*c - 2 = -10*c. Suppose -y + c*h + 3 - 1 = 0, y - h = 3. Suppose f = -3, y = -0*l + l + 2*f. What is the greatest common factor of l and 5?
5
Let a = -167 + 164. Let o be (a - (-258)